{"id":156,"date":"2025-10-01T07:28:24","date_gmt":"2025-10-01T07:28:24","guid":{"rendered":"https:\/\/pneumoconteaza.ro\/?page_id=156"},"modified":"2025-10-01T07:30:47","modified_gmt":"2025-10-01T07:30:47","slug":"dr-pierre-edouard-jean-clunet","status":"publish","type":"page","link":"https:\/\/pneumoconteaza.ro\/index.php\/dr-pierre-edouard-jean-clunet\/","title":{"rendered":"dr. Pierre \u00c9douard Jean Clunet"},"content":{"rendered":"\t\t<div data-elementor-type=\"wp-page\" data-elementor-id=\"156\" class=\"elementor elementor-156\">\n\t\t\t\t<div class=\"elementor-element elementor-element-17bf3ee e-flex e-con-boxed e-con e-parent\" data-id=\"17bf3ee\" data-element_type=\"container\">\n\t\t\t\t\t<div class=\"e-con-inner\">\n\t\t\t\t<div class=\"elementor-element elementor-element-40806ed elementor-widget elementor-widget-text-editor\" data-id=\"40806ed\" data-element_type=\"widget\" data-widget_type=\"text-editor.default\">\n\t\t\t\t\t\t\t\t\t<p>\u00cen perioada Primului R\u0103zboi Mondial, colaborarea cu Misiunea Medical\u0103 Francez\u0103 condus\u0103 de dr. Pierre \u00c9douard Jean Clunet a reprezentat un moment esen\u021bial pentru evolu\u021bia medical\u0103 local\u0103, mai ales \u00een lupta \u00eempotriva tifosului exantematic. Eforturile dr. Clunet \u0219i sprijinul acordat de comunitatea ie\u0219ean\u0103 au dus la rezultate remarcabile \u00een combaterea epidemiilor.<\/p>\t\t\t\t\t\t\t\t<\/div>\n\t\t\t\t\t<\/div>\n\t\t\t\t<\/div>\n\t\t<div class=\"elementor-element elementor-element-9fac87d e-flex e-con-boxed e-con e-parent\" data-id=\"9fac87d\" data-element_type=\"container\">\n\t\t\t\t\t<div class=\"e-con-inner\">\n\t\t\t\t<div class=\"elementor-element elementor-element-1115cc0 elementor-widget elementor-widget-image\" data-id=\"1115cc0\" data-element_type=\"widget\" data-widget_type=\"image.default\">\n\t\t\t\t\t\t\t\t\t\t\t\t\t\t\t<img fetchpriority=\"high\" decoding=\"async\" width=\"373\" height=\"483\" src=\"https:\/\/pneumoconteaza.ro\/wp-content\/uploads\/2025\/09\/Dr_Clunet.jpg\" class=\"attachment-large size-large wp-image-101\" alt=\"\" srcset=\"https:\/\/pneumoconteaza.ro\/wp-content\/uploads\/2025\/09\/Dr_Clunet.jpg 373w, https:\/\/pneumoconteaza.ro\/wp-content\/uploads\/2025\/09\/Dr_Clunet-232x300.jpg 232w\" sizes=\"(max-width: 373px) 100vw, 373px\" \/>\t\t\t\t\t\t\t\t\t\t\t\t\t\t\t<\/div>\n\t\t\t\t\t<\/div>\n\t\t\t\t<\/div>\n\t\t\t\t<\/div>\n\t\t","protected":false},"excerpt":{"rendered":"<p>\u00cen perioada Primului R\u0103zboi Mondial, colaborarea cu Misiunea Medical\u0103 Francez\u0103 condus\u0103 de dr. Pierre \u00c9douard Jean Clunet a reprezentat un moment esen\u021bial pentru evolu\u021bia medical\u0103 local\u0103, mai ales \u00een lupta \u00eempotriva tifosului exantematic. Eforturile dr. Clunet \u0219i sprijinul acordat de comunitatea ie\u0219ean\u0103 au dus la rezultate remarcabile \u00een combaterea epidemiilor.<\/p>\n","protected":false},"author":1,"featured_media":0,"parent":0,"menu_order":0,"comment_status":"closed","ping_status":"closed","template":"","meta":{"give_campaign_id":0,"footnotes":""},"class_list":["post-156","page","type-page","status-publish","hentry"],"yoast_head":"<!-- This site is optimized with the Yoast SEO plugin v26.7 - https:\/\/yoast.com\/wordpress\/plugins\/seo\/ -->\n<title>dr. Pierre \u00c9douard Jean Clunet - Pneumo Conteaz\u0103<\/title>\n<meta name=\"robots\" content=\"index, follow, max-snippet:-1, max-image-preview:large, max-video-preview:-1\" \/>\n<link rel=\"canonical\" href=\"https:\/\/pneumoconteaza.ro\/index.php\/dr-pierre-edouard-jean-clunet\/\" \/>\n<meta property=\"og:locale\" content=\"ro_RO\" \/>\n<meta property=\"og:type\" content=\"article\" \/>\n<meta property=\"og:title\" content=\"dr. Pierre \u00c9douard Jean Clunet - Pneumo Conteaz\u0103\" \/>\n<meta property=\"og:description\" content=\"\u00cen perioada Primului R\u0103zboi Mondial, colaborarea cu Misiunea Medical\u0103 Francez\u0103 condus\u0103 de dr. Pierre \u00c9douard Jean Clunet a reprezentat un moment esen\u021bial pentru evolu\u021bia medical\u0103 local\u0103, mai ales \u00een lupta \u00eempotriva tifosului exantematic. Eforturile dr. Clunet \u0219i sprijinul acordat de comunitatea ie\u0219ean\u0103 au dus la rezultate remarcabile \u00een combaterea epidemiilor.\" \/>\n<meta property=\"og:url\" content=\"https:\/\/pneumoconteaza.ro\/index.php\/dr-pierre-edouard-jean-clunet\/\" \/>\n<meta property=\"og:site_name\" content=\"Pneumo Conteaz\u0103\" \/>\n<meta property=\"article:modified_time\" content=\"2025-10-01T07:30:47+00:00\" \/>\n<meta property=\"og:image\" content=\"https:\/\/pneumoconteaza.ro\/wp-content\/uploads\/2025\/09\/Dr_Clunet.jpg\" \/>\n\t<meta property=\"og:image:width\" content=\"373\" \/>\n\t<meta property=\"og:image:height\" content=\"483\" \/>\n\t<meta property=\"og:image:type\" content=\"image\/jpeg\" \/>\n<meta name=\"twitter:card\" content=\"summary_large_image\" \/>\n<meta name=\"twitter:label1\" content=\"Timp estimat pentru citire\" \/>\n\t<meta name=\"twitter:data1\" content=\"1 minut\" \/>\n<script type=\"application\/ld+json\" class=\"yoast-schema-graph\">{\"@context\":\"https:\/\/schema.org\",\"@graph\":[{\"@type\":\"WebPage\",\"@id\":\"https:\/\/pneumoconteaza.ro\/index.php\/dr-pierre-edouard-jean-clunet\/\",\"url\":\"https:\/\/pneumoconteaza.ro\/index.php\/dr-pierre-edouard-jean-clunet\/\",\"name\":\"dr. Pierre \u00c9douard Jean Clunet - Pneumo Conteaz\u0103\",\"isPartOf\":{\"@id\":\"https:\/\/pneumoconteaza.ro\/#website\"},\"primaryImageOfPage\":{\"@id\":\"https:\/\/pneumoconteaza.ro\/index.php\/dr-pierre-edouard-jean-clunet\/#primaryimage\"},\"image\":{\"@id\":\"https:\/\/pneumoconteaza.ro\/index.php\/dr-pierre-edouard-jean-clunet\/#primaryimage\"},\"thumbnailUrl\":\"https:\/\/pneumoconteaza.ro\/wp-content\/uploads\/2025\/09\/Dr_Clunet.jpg\",\"datePublished\":\"2025-10-01T07:28:24+00:00\",\"dateModified\":\"2025-10-01T07:30:47+00:00\",\"breadcrumb\":{\"@id\":\"https:\/\/pneumoconteaza.ro\/index.php\/dr-pierre-edouard-jean-clunet\/#breadcrumb\"},\"inLanguage\":\"ro-RO\",\"potentialAction\":[{\"@type\":\"ReadAction\",\"target\":[\"https:\/\/pneumoconteaza.ro\/index.php\/dr-pierre-edouard-jean-clunet\/\"]}]},{\"@type\":\"ImageObject\",\"inLanguage\":\"ro-RO\",\"@id\":\"https:\/\/pneumoconteaza.ro\/index.php\/dr-pierre-edouard-jean-clunet\/#primaryimage\",\"url\":\"https:\/\/pneumoconteaza.ro\/wp-content\/uploads\/2025\/09\/Dr_Clunet.jpg\",\"contentUrl\":\"https:\/\/pneumoconteaza.ro\/wp-content\/uploads\/2025\/09\/Dr_Clunet.jpg\",\"width\":373,\"height\":483},{\"@type\":\"BreadcrumbList\",\"@id\":\"https:\/\/pneumoconteaza.ro\/index.php\/dr-pierre-edouard-jean-clunet\/#breadcrumb\",\"itemListElement\":[{\"@type\":\"ListItem\",\"position\":1,\"name\":\"Prima pagin\u0103\",\"item\":\"https:\/\/pneumoconteaza.ro\/\"},{\"@type\":\"ListItem\",\"position\":2,\"name\":\"dr. Pierre \u00c9douard Jean Clunet\"}]},{\"@type\":\"WebSite\",\"@id\":\"https:\/\/pneumoconteaza.ro\/#website\",\"url\":\"https:\/\/pneumoconteaza.ro\/\",\"name\":\"Pneumo Conteaz\u0103\",\"description\":\"\",\"publisher\":{\"@id\":\"https:\/\/pneumoconteaza.ro\/#organization\"},\"potentialAction\":[{\"@type\":\"SearchAction\",\"target\":{\"@type\":\"EntryPoint\",\"urlTemplate\":\"https:\/\/pneumoconteaza.ro\/?s={search_term_string}\"},\"query-input\":{\"@type\":\"PropertyValueSpecification\",\"valueRequired\":true,\"valueName\":\"search_term_string\"}}],\"inLanguage\":\"ro-RO\"},{\"@type\":\"Organization\",\"@id\":\"https:\/\/pneumoconteaza.ro\/#organization\",\"name\":\"Pneumo Conteaz\u0103\",\"url\":\"https:\/\/pneumoconteaza.ro\/\",\"logo\":{\"@type\":\"ImageObject\",\"inLanguage\":\"ro-RO\",\"@id\":\"https:\/\/pneumoconteaza.ro\/#\/schema\/logo\/image\/\",\"url\":\"https:\/\/pneumoconteaza.ro\/wp-content\/uploads\/2025\/09\/cropped-logo.jpg\",\"contentUrl\":\"https:\/\/pneumoconteaza.ro\/wp-content\/uploads\/2025\/09\/cropped-logo.jpg\",\"width\":187,\"height\":187,\"caption\":\"Pneumo Conteaz\u0103\"},\"image\":{\"@id\":\"https:\/\/pneumoconteaza.ro\/#\/schema\/logo\/image\/\"}}]}<\/script>\n<!-- \/ Yoast SEO plugin. -->","yoast_head_json":{"title":"dr. Pierre \u00c9douard Jean Clunet - Pneumo Conteaz\u0103","robots":{"index":"index","follow":"follow","max-snippet":"max-snippet:-1","max-image-preview":"max-image-preview:large","max-video-preview":"max-video-preview:-1"},"canonical":"https:\/\/pneumoconteaza.ro\/index.php\/dr-pierre-edouard-jean-clunet\/","og_locale":"ro_RO","og_type":"article","og_title":"dr. Pierre \u00c9douard Jean Clunet - Pneumo Conteaz\u0103","og_description":"\u00cen perioada Primului R\u0103zboi Mondial, colaborarea cu Misiunea Medical\u0103 Francez\u0103 condus\u0103 de dr. Pierre \u00c9douard Jean Clunet a reprezentat un moment esen\u021bial pentru evolu\u021bia medical\u0103 local\u0103, mai ales \u00een lupta \u00eempotriva tifosului exantematic. Eforturile dr. Clunet \u0219i sprijinul acordat de comunitatea ie\u0219ean\u0103 au dus la rezultate remarcabile \u00een combaterea epidemiilor.","og_url":"https:\/\/pneumoconteaza.ro\/index.php\/dr-pierre-edouard-jean-clunet\/","og_site_name":"Pneumo Conteaz\u0103","article_modified_time":"2025-10-01T07:30:47+00:00","og_image":[{"width":373,"height":483,"url":"https:\/\/pneumoconteaza.ro\/wp-content\/uploads\/2025\/09\/Dr_Clunet.jpg","type":"image\/jpeg"}],"twitter_card":"summary_large_image","twitter_misc":{"Timp estimat pentru citire":"1 minut"},"schema":{"@context":"https:\/\/schema.org","@graph":[{"@type":"WebPage","@id":"https:\/\/pneumoconteaza.ro\/index.php\/dr-pierre-edouard-jean-clunet\/","url":"https:\/\/pneumoconteaza.ro\/index.php\/dr-pierre-edouard-jean-clunet\/","name":"dr. Pierre \u00c9douard Jean Clunet - Pneumo Conteaz\u0103","isPartOf":{"@id":"https:\/\/pneumoconteaza.ro\/#website"},"primaryImageOfPage":{"@id":"https:\/\/pneumoconteaza.ro\/index.php\/dr-pierre-edouard-jean-clunet\/#primaryimage"},"image":{"@id":"https:\/\/pneumoconteaza.ro\/index.php\/dr-pierre-edouard-jean-clunet\/#primaryimage"},"thumbnailUrl":"https:\/\/pneumoconteaza.ro\/wp-content\/uploads\/2025\/09\/Dr_Clunet.jpg","datePublished":"2025-10-01T07:28:24+00:00","dateModified":"2025-10-01T07:30:47+00:00","breadcrumb":{"@id":"https:\/\/pneumoconteaza.ro\/index.php\/dr-pierre-edouard-jean-clunet\/#breadcrumb"},"inLanguage":"ro-RO","potentialAction":[{"@type":"ReadAction","target":["https:\/\/pneumoconteaza.ro\/index.php\/dr-pierre-edouard-jean-clunet\/"]}]},{"@type":"ImageObject","inLanguage":"ro-RO","@id":"https:\/\/pneumoconteaza.ro\/index.php\/dr-pierre-edouard-jean-clunet\/#primaryimage","url":"https:\/\/pneumoconteaza.ro\/wp-content\/uploads\/2025\/09\/Dr_Clunet.jpg","contentUrl":"https:\/\/pneumoconteaza.ro\/wp-content\/uploads\/2025\/09\/Dr_Clunet.jpg","width":373,"height":483},{"@type":"BreadcrumbList","@id":"https:\/\/pneumoconteaza.ro\/index.php\/dr-pierre-edouard-jean-clunet\/#breadcrumb","itemListElement":[{"@type":"ListItem","position":1,"name":"Prima pagin\u0103","item":"https:\/\/pneumoconteaza.ro\/"},{"@type":"ListItem","position":2,"name":"dr. Pierre \u00c9douard Jean Clunet"}]},{"@type":"WebSite","@id":"https:\/\/pneumoconteaza.ro\/#website","url":"https:\/\/pneumoconteaza.ro\/","name":"Pneumo Conteaz\u0103","description":"","publisher":{"@id":"https:\/\/pneumoconteaza.ro\/#organization"},"potentialAction":[{"@type":"SearchAction","target":{"@type":"EntryPoint","urlTemplate":"https:\/\/pneumoconteaza.ro\/?s={search_term_string}"},"query-input":{"@type":"PropertyValueSpecification","valueRequired":true,"valueName":"search_term_string"}}],"inLanguage":"ro-RO"},{"@type":"Organization","@id":"https:\/\/pneumoconteaza.ro\/#organization","name":"Pneumo Conteaz\u0103","url":"https:\/\/pneumoconteaza.ro\/","logo":{"@type":"ImageObject","inLanguage":"ro-RO","@id":"https:\/\/pneumoconteaza.ro\/#\/schema\/logo\/image\/","url":"https:\/\/pneumoconteaza.ro\/wp-content\/uploads\/2025\/09\/cropped-logo.jpg","contentUrl":"https:\/\/pneumoconteaza.ro\/wp-content\/uploads\/2025\/09\/cropped-logo.jpg","width":187,"height":187,"caption":"Pneumo Conteaz\u0103"},"image":{"@id":"https:\/\/pneumoconteaza.ro\/#\/schema\/logo\/image\/"}}]}},"campaignId":"","_links":{"self":[{"href":"https:\/\/pneumoconteaza.ro\/index.php\/wp-json\/wp\/v2\/pages\/156","targetHints":{"allow":["GET"]}}],"collection":[{"href":"https:\/\/pneumoconteaza.ro\/index.php\/wp-json\/wp\/v2\/pages"}],"about":[{"href":"https:\/\/pneumoconteaza.ro\/index.php\/wp-json\/wp\/v2\/types\/page"}],"author":[{"embeddable":true,"href":"https:\/\/pneumoconteaza.ro\/index.php\/wp-json\/wp\/v2\/users\/1"}],"replies":[{"embeddable":true,"href":"https:\/\/pneumoconteaza.ro\/index.php\/wp-json\/wp\/v2\/comments?post=156"}],"version-history":[{"count":4,"href":"https:\/\/pneumoconteaza.ro\/index.php\/wp-json\/wp\/v2\/pages\/156\/revisions"}],"predecessor-version":[{"id":160,"href":"https:\/\/pneumoconteaza.ro\/index.php\/wp-json\/wp\/v2\/pages\/156\/revisions\/160"}],"wp:attachment":[{"href":"https:\/\/pneumoconteaza.ro\/index.php\/wp-json\/wp\/v2\/media?parent=156"}],"curies":[{"name":"wp","href":"https:\/\/api.w.org\/{rel}","templated":true}]}}